{"id":78,"date":"2025-02-18T10:22:08","date_gmt":"2025-02-18T10:22:08","guid":{"rendered":"https:\/\/sarogem.superyachtradio.com\/?page_id=78"},"modified":"2025-02-18T10:37:57","modified_gmt":"2025-02-18T10:37:57","slug":"impressum-disclaimer","status":"publish","type":"page","link":"https:\/\/sarogem.superyachtradio.com\/?page_id=78","title":{"rendered":"Impressum\/Disclaimer"},"content":{"rendered":"<p>[et_pb_section fb_built=&#8220;1&#8243; _builder_version=&#8220;4.23.1&#8243; _module_preset=&#8220;default&#8220; global_colors_info=&#8220;{}&#8220;][et_pb_row _builder_version=&#8220;4.23.1&#8243; _module_preset=&#8220;default&#8220;][et_pb_column _builder_version=&#8220;4.23.1&#8243; _module_preset=&#8220;default&#8220; type=&#8220;4_4&#8243;][et_pb_image src=&#8220;https:\/\/sarogem.superyachtradio.com\/wp-content\/uploads\/2025\/02\/syr-logo-shirt.png&#8220; _builder_version=&#8220;4.23.1&#8243; _module_preset=&#8220;default&#8220; title_text=&#8220;syr logo shirt&#8220; width=&#8220;15%&#8220; hover_enabled=&#8220;0&#8243; sticky_enabled=&#8220;0&#8243; url=&#8220;https:\/\/sarogem.superyachtradio.com&#8220;][\/et_pb_image][\/et_pb_column][\/et_pb_row][et_pb_row _builder_version=&#8220;4.23.1&#8243; _module_preset=&#8220;default&#8220; global_colors_info=&#8220;{}&#8220;][et_pb_column type=&#8220;4_4&#8243; _builder_version=&#8220;4.23.1&#8243; _module_preset=&#8220;default&#8220; global_colors_info=&#8220;{}&#8220;][et_pb_text _builder_version=&#8220;4.23.1&#8243; _module_preset=&#8220;default&#8220; global_colors_info=&#8220;{}&#8220;]<\/p>\n<div class=\"mod_article mb-xxs pb-xxs first block\" id=\"article-10785\">\n<div class=\"ce_text pb-xxs first block\">\n<h1>Impressum<\/h1>\n<\/div>\n<div class=\"ce_text block\">\n<h4>Rechtliche <span class=\"orangeTitle\">Hinweise<\/span><\/h4>\n<\/div>\n<div class=\"ce_text autogrid-id_77239 autogrid-type_cte n0 one_third autogrid break block\">\n<p>Besitzer der Website:<br \/><strong>Superyacht Radio<\/strong><br \/><strong>Walter U. Schmid<\/strong><br \/><strong>Im Stutz 735<\/strong><br \/><strong>CH-8604 Volketswil<\/strong><\/p>\n<p>Tel +41 79 200 00 79<\/p>\n<p>yacht@superyachtradio.com<\/p>\n<\/div>\n<div class=\"ce_text autogrid-id_77240 autogrid-type_cte n0 two_third autogrid last block\">\n<p>&nbsp;<\/p>\n<\/div>\n<\/div>\n<div class=\"mod_article pb-xxs mb-s last block\" id=\"article-10788\">\n<div class=\"ce_text autogrid-id_77250 autogrid-type_cte n0 two_third autogrid break first last block\">\n<div class=\"ce_text tree_fourth first padding40 block\">\n<p><strong>Disclaimer<\/strong><br \/>F\u00fcr Inhalte auf diesen Seiten ist Superyacht Radio nach geltendem Recht verantwortlich. Eine Gew\u00e4hr f\u00fcr Richtigkeit, Vollst\u00e4ndigkeit und Aktualit\u00e4t k\u00f6nnen wir allerdings nicht \u00fcbernehmen.<\/p>\n<p>Die Website enth\u00e4lt Links zu Webinhalten Dritter. Auf diese Inhalte haben wir keinerlei Einfluss und k\u00f6nnen deshalb absolut keine Gew\u00e4hr f\u00fcr die entsprechenden Inhalte \u00fcbernehmen; verantwortlich ist der jeweilige Anbieter und\/oder Betreiber. Sollten Verst\u00f6sse gegen geltendes Recht festgestellt werden, l\u00f6schen wir die entsprechenden Links sofort.<\/p>\n<\/div>\n<div class=\"ce_text tree_fourth padding40 last block\">\n<p><strong>Bildrechte<\/strong><br \/>Alle Inhalte auf dieser Webseite sind urheberrechtlich gesch\u00fctzt.<\/p>\n<\/div>\n<\/div>\n<\/div>\n<p>[\/et_pb_text][\/et_pb_column][\/et_pb_row][\/et_pb_section]<\/p>\n","protected":false},"excerpt":{"rendered":"<p>Impressum Rechtliche Hinweise Besitzer der Website:Superyacht RadioWalter U. SchmidIm Stutz 735CH-8604 Volketswil Tel +41 79 200 00 79 yacht@superyachtradio.com &nbsp; DisclaimerF\u00fcr Inhalte auf diesen Seiten ist Superyacht Radio nach geltendem Recht verantwortlich. Eine Gew\u00e4hr f\u00fcr Richtigkeit, Vollst\u00e4ndigkeit und Aktualit\u00e4t k\u00f6nnen wir allerdings nicht \u00fcbernehmen. Die Website enth\u00e4lt Links zu Webinhalten Dritter. Auf diese Inhalte haben [&hellip;]<\/p>\n","protected":false},"author":1,"featured_media":0,"parent":0,"menu_order":0,"comment_status":"closed","ping_status":"closed","template":"page-template-blank.php","meta":{"_et_pb_use_builder":"on","_et_pb_old_content":"","_et_gb_content_width":"","footnotes":""},"class_list":["post-78","page","type-page","status-publish","hentry"],"yoast_head":"<!-- This site is optimized with the Yoast SEO plugin v27.4 - https:\/\/yoast.com\/product\/yoast-seo-wordpress\/ -->\n<title>Impressum\/Disclaimer - sarogemlaunch<\/title>\n<meta name=\"robots\" content=\"index, follow, max-snippet:-1, max-image-preview:large, max-video-preview:-1\" \/>\n<link rel=\"canonical\" href=\"https:\/\/sarogem.superyachtradio.com\/?page_id=78\" \/>\n<meta property=\"og:locale\" content=\"de_DE\" \/>\n<meta property=\"og:type\" content=\"article\" \/>\n<meta property=\"og:title\" content=\"Impressum\/Disclaimer - sarogemlaunch\" \/>\n<meta property=\"og:description\" content=\"Impressum Rechtliche Hinweise Besitzer der Website:Superyacht RadioWalter U. SchmidIm Stutz 735CH-8604 Volketswil Tel +41 79 200 00 79 yacht@superyachtradio.com &nbsp; DisclaimerF\u00fcr Inhalte auf diesen Seiten ist Superyacht Radio nach geltendem Recht verantwortlich. Eine Gew\u00e4hr f\u00fcr Richtigkeit, Vollst\u00e4ndigkeit und Aktualit\u00e4t k\u00f6nnen wir allerdings nicht \u00fcbernehmen. Die Website enth\u00e4lt Links zu Webinhalten Dritter. Auf diese Inhalte haben [&hellip;]\" \/>\n<meta property=\"og:url\" content=\"https:\/\/sarogem.superyachtradio.com\/?page_id=78\" \/>\n<meta property=\"og:site_name\" content=\"sarogemlaunch\" \/>\n<meta property=\"article:modified_time\" content=\"2025-02-18T10:37:57+00:00\" \/>\n<meta name=\"twitter:card\" content=\"summary_large_image\" \/>\n<script type=\"application\/ld+json\" class=\"yoast-schema-graph\">{\"@context\":\"https:\\\/\\\/schema.org\",\"@graph\":[{\"@type\":\"WebPage\",\"@id\":\"https:\\\/\\\/sarogem.superyachtradio.com\\\/?page_id=78\",\"url\":\"https:\\\/\\\/sarogem.superyachtradio.com\\\/?page_id=78\",\"name\":\"Impressum\\\/Disclaimer - sarogemlaunch\",\"isPartOf\":{\"@id\":\"https:\\\/\\\/sarogem.superyachtradio.com\\\/#website\"},\"datePublished\":\"2025-02-18T10:22:08+00:00\",\"dateModified\":\"2025-02-18T10:37:57+00:00\",\"breadcrumb\":{\"@id\":\"https:\\\/\\\/sarogem.superyachtradio.com\\\/?page_id=78#breadcrumb\"},\"inLanguage\":\"de\",\"potentialAction\":[{\"@type\":\"ReadAction\",\"target\":[\"https:\\\/\\\/sarogem.superyachtradio.com\\\/?page_id=78\"]}]},{\"@type\":\"BreadcrumbList\",\"@id\":\"https:\\\/\\\/sarogem.superyachtradio.com\\\/?page_id=78#breadcrumb\",\"itemListElement\":[{\"@type\":\"ListItem\",\"position\":1,\"name\":\"Startseite\",\"item\":\"https:\\\/\\\/sarogem.superyachtradio.com\\\/\"},{\"@type\":\"ListItem\",\"position\":2,\"name\":\"Impressum\\\/Disclaimer\"}]},{\"@type\":\"WebSite\",\"@id\":\"https:\\\/\\\/sarogem.superyachtradio.com\\\/#website\",\"url\":\"https:\\\/\\\/sarogem.superyachtradio.com\\\/\",\"name\":\"sarogemlaunch\",\"description\":\"\",\"potentialAction\":[{\"@type\":\"SearchAction\",\"target\":{\"@type\":\"EntryPoint\",\"urlTemplate\":\"https:\\\/\\\/sarogem.superyachtradio.com\\\/?s={search_term_string}\"},\"query-input\":{\"@type\":\"PropertyValueSpecification\",\"valueRequired\":true,\"valueName\":\"search_term_string\"}}],\"inLanguage\":\"de\"}]}<\/script>\n<!-- \/ Yoast SEO plugin. -->","yoast_head_json":{"title":"Impressum\/Disclaimer - sarogemlaunch","robots":{"index":"index","follow":"follow","max-snippet":"max-snippet:-1","max-image-preview":"max-image-preview:large","max-video-preview":"max-video-preview:-1"},"canonical":"https:\/\/sarogem.superyachtradio.com\/?page_id=78","og_locale":"de_DE","og_type":"article","og_title":"Impressum\/Disclaimer - sarogemlaunch","og_description":"Impressum Rechtliche Hinweise Besitzer der Website:Superyacht RadioWalter U. SchmidIm Stutz 735CH-8604 Volketswil Tel +41 79 200 00 79 yacht@superyachtradio.com &nbsp; DisclaimerF\u00fcr Inhalte auf diesen Seiten ist Superyacht Radio nach geltendem Recht verantwortlich. Eine Gew\u00e4hr f\u00fcr Richtigkeit, Vollst\u00e4ndigkeit und Aktualit\u00e4t k\u00f6nnen wir allerdings nicht \u00fcbernehmen. Die Website enth\u00e4lt Links zu Webinhalten Dritter. Auf diese Inhalte haben [&hellip;]","og_url":"https:\/\/sarogem.superyachtradio.com\/?page_id=78","og_site_name":"sarogemlaunch","article_modified_time":"2025-02-18T10:37:57+00:00","twitter_card":"summary_large_image","schema":{"@context":"https:\/\/schema.org","@graph":[{"@type":"WebPage","@id":"https:\/\/sarogem.superyachtradio.com\/?page_id=78","url":"https:\/\/sarogem.superyachtradio.com\/?page_id=78","name":"Impressum\/Disclaimer - sarogemlaunch","isPartOf":{"@id":"https:\/\/sarogem.superyachtradio.com\/#website"},"datePublished":"2025-02-18T10:22:08+00:00","dateModified":"2025-02-18T10:37:57+00:00","breadcrumb":{"@id":"https:\/\/sarogem.superyachtradio.com\/?page_id=78#breadcrumb"},"inLanguage":"de","potentialAction":[{"@type":"ReadAction","target":["https:\/\/sarogem.superyachtradio.com\/?page_id=78"]}]},{"@type":"BreadcrumbList","@id":"https:\/\/sarogem.superyachtradio.com\/?page_id=78#breadcrumb","itemListElement":[{"@type":"ListItem","position":1,"name":"Startseite","item":"https:\/\/sarogem.superyachtradio.com\/"},{"@type":"ListItem","position":2,"name":"Impressum\/Disclaimer"}]},{"@type":"WebSite","@id":"https:\/\/sarogem.superyachtradio.com\/#website","url":"https:\/\/sarogem.superyachtradio.com\/","name":"sarogemlaunch","description":"","potentialAction":[{"@type":"SearchAction","target":{"@type":"EntryPoint","urlTemplate":"https:\/\/sarogem.superyachtradio.com\/?s={search_term_string}"},"query-input":{"@type":"PropertyValueSpecification","valueRequired":true,"valueName":"search_term_string"}}],"inLanguage":"de"}]}},"_links":{"self":[{"href":"https:\/\/sarogem.superyachtradio.com\/index.php?rest_route=\/wp\/v2\/pages\/78","targetHints":{"allow":["GET"]}}],"collection":[{"href":"https:\/\/sarogem.superyachtradio.com\/index.php?rest_route=\/wp\/v2\/pages"}],"about":[{"href":"https:\/\/sarogem.superyachtradio.com\/index.php?rest_route=\/wp\/v2\/types\/page"}],"author":[{"embeddable":true,"href":"https:\/\/sarogem.superyachtradio.com\/index.php?rest_route=\/wp\/v2\/users\/1"}],"replies":[{"embeddable":true,"href":"https:\/\/sarogem.superyachtradio.com\/index.php?rest_route=%2Fwp%2Fv2%2Fcomments&post=78"}],"version-history":[{"count":6,"href":"https:\/\/sarogem.superyachtradio.com\/index.php?rest_route=\/wp\/v2\/pages\/78\/revisions"}],"predecessor-version":[{"id":113,"href":"https:\/\/sarogem.superyachtradio.com\/index.php?rest_route=\/wp\/v2\/pages\/78\/revisions\/113"}],"wp:attachment":[{"href":"https:\/\/sarogem.superyachtradio.com\/index.php?rest_route=%2Fwp%2Fv2%2Fmedia&parent=78"}],"curies":[{"name":"wp","href":"https:\/\/api.w.org\/{rel}","templated":true}]}}